 351?
-2560515
In base 5, what is 30430122 - 113?
30430004
In base 5, what is 3030040423 - -42?
3030041020
In base 9, what is 4175 + 257242?
262427
In base 7, what is 3034 + -6105226?
-6102162
In base 2, what is -100 + -101101010000011100011011?
-101101010000011100011111
In base 8, what is -254 + -3537041?
-3537315
In base 6, what is -25102350 - -1041?
-25101305
In base 8, what is -1606 + 2017444?
2015636
In base 9, what is 12663 - 562?
12101
In base 3, what is 10 + -20102110012002022?
-20102110012002012
In base 15, what is -422db9 + -1?
-422dba
In base 9, what is 108045 - 5466?
102468
In base 8, what is -3 - -50415505?
50415502
In base 14, what is 2 - -681743?
681745
In base 3, what is -100002 + -111121?
-211200
In base 12, what is 18479 - 1903?
16776
In base 16, what is -3 + 72ca324?
72ca321
In base 9, what is -655 + 7142?
6376
In base 14, what is -146475 - -3?
-146472
In base 9, what is -41546014 + 10?
-41546004
In base 4, what is 221 - 323002023?
-323001202
In base 4, what is -2 - 303312111011?
-303312111013
In base 5, what is -241200 - 13024?
-304224
In base 14, what is 59036 + -17d?
58c97
In base 6, what is -30123 - 10105211?
-10135334
In base 14, what is -4 + -8c165c?
-8c1662
In base 5, what is 103444 + 1102420?
1211414
In base 16, what is 3028736 - -2?
3028738
In base 13, what is 40215b - -1?
40215c
In base 10, what is -16 + 550682?
550666
In base 16, what is -1b3 + 22aa?
20f7
In base 13, what is -26 - -49678?
49652
In base 12, what is -172b + 85097?
83568
In base 5, what is 2041041 - -12114?
2103210
In base 12, what is 83820118 + 0?
83820118
In base 13, what is 5cb905 + 4?
5cb909
In base 5, what is 100031203311 + 0?
100031203311
In base 6, what is -205051453 + 41?
-205051412
In base 4, what is 111312013 - 23202?
111222211
In base 15, what is -84c + -998b?
-a2d8
In base 10, what is -20636 + 31692?
11056
In base 2, what is -11 + 10101101101010000001100?
10101101101010000001001
In base 12, what is -4bb6 + -228?
-5222
In base 14, what is -5da3 - -16d3?
-46b0
In base 7, what is -2114554 + -1026?
-2115613
In base 12, what is -3a382 - -15?
-3a369
In base 10, what is 16049563 - 6?
16049557
In base 3, what is 10011110121010 + -1011?
10011110112222
In base 4, what is -22012011123 + -1?
-22012011130
In base 11, what is 9 - -50190aa?
5019108
In base 2, what is -11 - -1000110111011001001001010?
1000110111011001001000111
In base 15, what is 107098 - 4d?
10704a
In base 4, what is -1122021 - -33321?
-1022100
In base 13, what is -20977 + 43a?
-2053a
In base 14, what is 131c4 + -d2?
130d2
In base 6, what is 1 - -2301244130?
2301244131
In base 12, what is -59ba101 + 2?
-59ba0bb
In base 10, what is 1041440 + 107?
1041547
In base 2, what is -10010101111011111 + -11011110001?
-10011001011010000
In base 12, what is -315414b39 - 1?
-315414b3a
In base 13, what is -3c4 - 2a69b?
-2aa92
In base 2, what is 10001 + -11010100000010000111010?
-11010100000010000101001
In base 15, what is -5 + 90316?
90311
In base 11, what is -119 + -66909?
-66a27
In base 8, what is 16 - 10571564?
-10571546
In base 12, what is -2b331 + 845?
-2a6a8
In base 5, what is 243333 - 4130?
234203
In base 7, what is -62530406 - -6?
-62530400
In base 15, what is -43ab2e5 + 0?
-43ab2e5
In base 7, what is 10 - -142055002?
142055012
In base 5, what is -30 - -1431040021?
1431034441
In base 6, what is -2341353 - 41114?
-2422511
In base 13, what is -9 - -95b21?
95b15
In base 16, what is -161 - -2db9c0?
2db85f
In base 8, what is -656350362 + -12?
-656350374
In base 8, what is 5 + 371057?
371064
In base 12, what is 3 - -285a6b5?
285a6b8
In base 3, what is -10110211120200 - -11?
-10110211120112
In base 9, what is 7117 + -5046?
2061
In base 2, what is -100001001001000 - 1101100100?
-100010110101100
In base 4, what is -122322 + 113202?
-3120
In base 2, what is -110111000010100111110000101 - -11?
-110111000010100111110000010
In base 3, what is -22112102021 - 110?
-22112102201
In base 2, what is 1011100001100000 + -11000?
1011100001001000
In base 7, what is -113 + -1661336?
-1661452
In base 2, what is 100100110 + -10101101111000100100?
-10101101110011111110
In base 6, what is -12501242002 - -5?
-12501241553
In base 4, what is -213223312 + 1031?
-213222221
In base 13, what is 764 - 68?
6c9
In base 6, what is 1120 + -23420?
-22300
In base 10, what is 0 + 15134783?
15134783
In base 6, what is -13012554 - 1?
-13012555
In base 14, what is -267d - 2138?
-47b7
In base 2, what is 1100010 - 111110010010010000101?
-111110010010000100011
In base 6, what is 10421455 - 3?
10421452
In base 8, what is -6626162 - 4?
-6626166
In base 9, what is 13364 + -425?
12838
In base 15, what is b17a + 3ba0?
ed2a
In base 8, what is 12 - 3615201?
-3615167
In base 4, what is 121 + 1311311?
1312032
In base 4, what is -2 - -23330113303?
23330113301
In base 11, what is 5a19049 + 3?
5a19051
In base 7, what is -3050026 - 1645?
-3052004
In base 11, what is 59163a2 - 2?
59163a0
In base 14, what is 236 + -164d4a?
-164b14
In base 9, what is 1 - 14112823?
-14112822
In base 11, what is -7a1 - 6665?
-7356
In base 14, what is -3 - -57d586?
57d583
In base 6, what is -11 + 2120011122?
2120011111
In base 5, what is 4 - 1000312021112?
-1000312021103
In base 3, what is 21210220011120002 + 11?
21210220011120020
In base 12, what is -1425 + -381?
-17a6
In base 8, what is 3 + 7227471?
7227474
In base 4, what is 332210 + -1003320?
-11110
In base 4, what is 220023101330000 - -10?
220023101330010
In base 16, what is 3f40 + -27?
3f19
In base 15, what is -2c1 + -1368da?
-136bab
In base 12, what is -25489120 + 0?
-25489120
In base 10, what is 117 - 685941?
-685824
In base 14, what is -1c + 11036b?
11034d
In base 9, what is -450026641 + -5?
-450026646
In base 3, what is 1221121122111 + 1022?
1221121200210
In base 11, what is -1 + -5913790a?
-59137910
In base 14, what is c54 + -cd9b?
-c147
In base 7, what is 10352 + 23245?
33630
In base 12, what is -4 - 5a5486?
-5a548a
In base 8, what is 1565644 + 4562?
1572426
In base 8, what is 2352 + -507065?
-504513
In base 16, what is -b10 + -10366?
-10e76
In base 8, what is 22746 - -510?
23456
In base 5, what is -40431121 + -1331?
-40433002
In base 9, what is -46 + -422315?
-422362
In base 5, what is 21314 - -43224?
120043
In base 8, what is -1717302 - 30?
-1717332
In base 12, what is -30a8212 - -3?
-30a820b
In base 13, what is 56b - -621?
b8c
In base 9, what is 6073473 + 25?
6073508
In base 12, what is 7a55a48 - -3?
7a55a4b
In base 3, what is -102212 + 112002021?
111122102
In base 11, what is 4 - 30aa98?
-30aa94
In base 8, what is -3 + -436327627?
-436327632
In base 12, what is 9a4b + 602?
a451
In base 13, what is 15 - -386696?
3866ab
In base 15, what is -101603b - -2?
-1016039
In base 10, what is -112 + -231430?
-231542
In base 9, what is -134311358 - 7?
-134311366
In base 2, what is 1101 - -11011001101011110110001?
11011001101011110111110
In base 10, what is -6273678 + 4?
-6273674
In base 8, what is -200 - -114204?
114004
In base 12, what is 23 - -69716?
69739
In base 9, what is -24527 + -5823?
-31451
In base 6, what is 14053 + -1102051?
-1043554
In base 7, what is 1245550 - 6526?
1236021
In base 13, what is -5c36b645 - -3?
-5c36b642
In base 3, what is -20112100120002 - 11?
-20112100120020
In base 12, what is 20 - -7617443?
7617463
In base 8, what is 111264 - -23?
111307
In base 4, what is 301003130210 + 310?
301003131120
In base 16, what is 176e - 302?
146c
In base 13, what is 2 - -32a58aba?
32a58abc
In base 8, what is 3 - 27715433?
-27715430
In base 13, what is 133686 + -223?
133463
In base 12, what is -3339 - -3a95?
758
In base 4, what is -232212000212 - 2?
-232212000220
In base 12, what is b - 1aa327?
-1aa318
In base 9, what is 2 - -1437448?
1437451
In base 6, what is -4 - 11255214413?
-11255214421
In base 14, what is 5 + -28b0dc8c?
-28b0dc87
In base 13, what is 4 + -24a620a1?
-24a6209a
In base 8, what is 2420 - -442426?
445046
In base 11, what is 5 + 52a2012?
52a2017
In base 5, what is 110120040220 - 4?
110120040211
In base 2, what is -10101111010010 + 10110110010?
-10011000100000
In base 15, what is -4a530 + -14c?
-4a67c
In base 2, what is 1101110011 - -110100101100000100?
110100111001110111
In base 7, what is 300 - -45266266?
45266566
In base 14, what is 5b26cb + -38?
5b2693
In base 4, what is 3030020 + -1121331?
